{"version":"1.0","provider_name":"The Medical Xchange","provider_url":"https:\/\/themedicalxchange.com\/fr\/","title":"R\u00e9sultats d\u2019essais de phase III multinationaux : L\u2019utilit\u00e9 de la d\u00e9pl\u00e9tion en \u00e9osinophiles dans les cas d\u2019asthme grave - The Medical Xchange","type":"rich","width":600,"height":338,"html":"<blockquote class=\"wp-embedded-content\" data-secret=\"Ey4Pzokh7Q\"><a href=\"https:\/\/themedicalxchange.com\/fr\/2016\/09\/15\/congres-international-de-2016-de-leuropean-respira\/\">R\u00e9sultats d\u2019essais de phase III multinationaux : L\u2019utilit\u00e9 de la d\u00e9pl\u00e9tion en \u00e9osinophiles dans les cas d\u2019asthme grave<\/a><\/blockquote><iframe sandbox=\"allow-scripts\" security=\"restricted\" src=\"https:\/\/themedicalxchange.com\/fr\/2016\/09\/15\/congres-international-de-2016-de-leuropean-respira\/embed\/#?secret=Ey4Pzokh7Q\" width=\"600\" height=\"338\" title=\"\u00ab\u00a0R\u00e9sultats d\u2019essais de phase III multinationaux : L\u2019utilit\u00e9 de la d\u00e9pl\u00e9tion en \u00e9osinophiles dans les cas d\u2019asthme grave\u00a0\u00bb &#8212; The Medical Xchange\" data-secret=\"Ey4Pzokh7Q\" frameborder=\"0\" marginwidth=\"0\" marginheight=\"0\" scrolling=\"no\" class=\"wp-embedded-content\"><\/iframe><script type=\"text\/javascript\">\n\/* <![CDATA[ *\/\n\/*! This file is auto-generated *\/\n!function(d,l){\"use strict\";l.querySelector&&d.addEventListener&&\"undefined\"!=typeof URL&&(d.wp=d.wp||{},d.wp.receiveEmbedMessage||(d.wp.receiveEmbedMessage=function(e){var t=e.data;if((t||t.secret||t.message||t.value)&&!\/[^a-zA-Z0-9]\/.test(t.secret)){for(var s,r,n,a=l.querySelectorAll('iframe[data-secret=\"'+t.secret+'\"]'),o=l.querySelectorAll('blockquote[data-secret=\"'+t.secret+'\"]'),c=new RegExp(\"^https?:$\",\"i\"),i=0;i<o.length;i++)o[i].style.display=\"none\";for(i=0;i<a.length;i++)s=a[i],e.source===s.contentWindow&&(s.removeAttribute(\"style\"),\"height\"===t.message?(1e3<(r=parseInt(t.value,10))?r=1e3:~~r<200&&(r=200),s.height=r):\"link\"===t.message&&(r=new URL(s.getAttribute(\"src\")),n=new URL(t.value),c.test(n.protocol))&&n.host===r.host&&l.activeElement===s&&(d.top.location.href=t.value))}},d.addEventListener(\"message\",d.wp.receiveEmbedMessage,!1),l.addEventListener(\"DOMContentLoaded\",function(){for(var e,t,s=l.querySelectorAll(\"iframe.wp-embedded-content\"),r=0;r<s.length;r++)(t=(e=s[r]).getAttribute(\"data-secret\"))||(t=Math.random().toString(36).substring(2,12),e.src+=\"#?secret=\"+t,e.setAttribute(\"data-secret\",t)),e.contentWindow.postMessage({message:\"ready\",secret:t},\"*\")},!1)))}(window,document);\n\/\/# sourceURL=https:\/\/themedicalxchange.com\/wp-includes\/js\/wp-embed.min.js\n\/* ]]> *\/\n<\/script>\n","thumbnail_url":"https:\/\/themedicalxchange.com\/wp-content\/uploads\/2016\/09\/2368_ERS_2016_fr_Fig_1.PNG","thumbnail_width":960,"thumbnail_height":720,"description":"Londres, R.-U. \u2013 C\u2019est la troisi\u00e8me fois que de nouvelles donn\u00e9es nous prouvent que les agents biologiques ciblant la voie de l\u2019interleukine-5 (IL-5) sont efficaces chez les patients atteints d\u2019asthme grave mal ma\u00eetris\u00e9. Le tout dernier agent ne vise pas le m\u00eame \u00e9l\u00e9ment de la voie de l\u2019IL-5 que les deux anticorps monoclonaux anti-IL-5 actuellement vendus au Canada et ailleurs, mais les essais d\u2019homologation pr\u00e9sent\u00e9s lors du Congr\u00e8s international de 2016 de l\u2019ERS ont permis de relier l\u2019inhibition de l\u2019activit\u00e9 de l\u2019IL-5 exerc\u00e9e par ce nouveau venu \u00e0 une ma\u00eetrise sans pr\u00e9c\u00e9dent de cette maladie. Lorsqu\u2019ils sont jumel\u00e9s \u00e0 d\u2019autres traitements, ces inhibiteurs rar\u00e9fient consid\u00e9rablement et significativement les exacerbations, et am\u00e9liorent la fonction respiratoire, r\u00e9pondant ainsi \u00e0 un besoin criant de nouvelles strat\u00e9gies pour les cas r\u00e9fractaires aux traitements classiques."}

Résultats d’essais de phase III multinationaux : L’utilité de la déplétion en éosinophiles dans les cas d’asthme grave - The Medical Xchange

<blockquote class="wp-embedded-content" data-secret="Ey4Pzokh7Q"><a href="https://themedicalxchange.com/fr/2016/09/15/congres-international-de-2016-de-leuropean-respira/">Résultats d’essais de phase III multinationaux : L’utilité de la déplétion en éosinophiles dans les cas d’asthme grave</a></blockquote><iframe sandbox="allow-scripts" security="restricted" src="https://themedicalxchange.com/fr/2016/09/15/congres-international-de-2016-de-leuropean-respira/embed/#?secret=Ey4Pzokh7Q" width="600" height="338" title="« Résultats d’essais de phase III multinationaux : L’utilité de la déplétion en éosinophiles dans les cas d’asthme grave » &#8212; The Medical Xchange" data-secret="Ey4Pzokh7Q" frameborder="0" marginwidth="0" marginheight="0" scrolling="no" class="wp-embedded-content"></iframe><script type="text/javascript">
/* <![CDATA[ */
/*! This file is auto-generated */
!function(d,l){"use strict";l.querySelector&&d.addEventListener&&"undefined"!=typeof URL&&(d.wp=d.wp||{},d.wp.receiveEmbedMessage||(d.wp.receiveEmbedMessage=function(e){var t=e.data;if((t||t.secret||t.message||t.value)&&!/[^a-zA-Z0-9]/.test(t.secret)){for(var s,r,n,a=l.querySelectorAll('iframe[data-secret="'+t.secret+'"]'),o=l.querySelectorAll('blockquote[data-secret="'+t.secret+'"]'),c=new RegExp("^https?:$","i"),i=0;i<o.length;i++)o[i].style.display="none";for(i=0;i<a.length;i++)s=a[i],e.source===s.contentWindow&&(s.removeAttribute("style"),"height"===t.message?(1e3<(r=parseInt(t.value,10))?r=1e3:~~r<200&&(r=200),s.height=r):"link"===t.message&&(r=new URL(s.getAttribute("src")),n=new URL(t.value),c.test(n.protocol))&&n.host===r.host&&l.activeElement===s&&(d.top.location.href=t.value))}},d.addEventListener("message",d.wp.receiveEmbedMessage,!1),l.addEventListener("DOMContentLoaded",function(){for(var e,t,s=l.querySelectorAll("iframe.wp-embedded-content"),r=0;r<s.length;r++)(t=(e=s[r]).getAttribute("data-secret"))||(t=Math.random().toString(36).substring(2,12),e.src+="#?secret="+t,e.setAttribute("data-secret",t)),e.contentWindow.postMessage({message:"ready",secret:t},"*")},!1)))}(window,document);
//# sourceURL=https://themedicalxchange.com/wp-includes/js/wp-embed.min.js
/* ]]> */
</script>

Londres, R.-U. – C’est la troisième fois que de nouvelles données nous prouvent que les agents biologiques ciblant la voie de l’interleukine-5 (IL-5) sont efficaces chez les patients atteints d’asthme grave mal maîtrisé. Le tout dernier agent ne vise pas le même élément de la voie de l’IL-5 que les deux anticorps monoclonaux anti-IL-5 actuellement vendus au Canada et ailleurs, mais les essais d’homologation présentés lors du Congrès international de 2016 de l’ERS ont permis de relier l’inhibition de l’activité de l’IL-5 exercée par ce nouveau venu à une maîtrise sans précédent de cette maladie. Lorsqu’ils sont jumelés à d’autres traitements, ces inhibiteurs raréfient considérablement et significativement les exacerbations, et améliorent la fonction respiratoire, répondant ainsi à un besoin criant de nouvelles stratégies pour les cas réfractaires aux traitements classiques.
